 = -70 + 179. Suppose -b = -u*y + 49. What is the remainder when y is divided by 20?
19
Suppose -238*s - 1818 = -244*s. Let m = -222 + s. Calculate the remainder when m is divided by 34.
13
Let t = -2296 + 2320. Let m(y) = 18*y**2 - y - 1. Let x be 6/(-15) - 36/(-15). What is the remainder when m(x) is divided by t?
21
Let r = -4 - -23. Let j = -17 + r. Suppose u + 2*n - 54 = 0, -j = 3*n + 4. What is the remainder when u is divided by 20?
18
Let d(l) = 2*l + 8. Let a = 331 - 336. Calculate the remainder when 39/(-4)*(-4 - (13 + a)) is divided by d(8).
21
Let r = -6 + -1. Let f = -11 + -62. Let v = r - f. Calculate the remainder when v is divided by 23.
20
Let h(b) = 7*b + 243. Suppose 0 = 3*c - 5*n + 3*n - 98, 4*n + 52 = 2*c. Calculate the remainder when c is divided by h(-32).
17
Suppose -516 = 8*z + 228. Let k = 140 + z. Suppose -20 = 5*l, -5*w + 54 = -4*l - 22. Calculate the remainder when k is divided by w.
11
Suppose 38*p + 865 - 2393 - 5426 = 0. Calculate the remainder when p is divided by 2.
1
Calculate the remainder when 8/64 + 361186/112 is divided by 161.
5
Let y(s) = -s**2 + s + 903. What is the remainder when 443 is divided by y(-29)?
14
Let x(v) = -4*v**2 - 95*v + 40. Calculate the remainder when 3051 is divided by x(-23).
108
Let i = -330 + 268. What is the remainder when 0 + 2513/9 + i/279 is divided by 71?
66
Suppose 3*o - 58 = -2*r, -o + 4*r = 3472 - 3482. What is the remainder when o is divided by -10*1/(-2)*2?
8
Let d = 3932 + -3012. Calculate the remainder when d is divided by 117.
101
Suppose -2*a + 40 = -z - 45, a = 2*z + 38. Calculate the remainder when a is divided by (-87 - -108)*2/6.
2
What is the remainder when (-4)/6*13824/(-9) is divided by 14?
2
Let l(w) be the second derivative of -w**5/10 - 5*w**4/12 - 2*w**3 - 4*w**2 - 34*w + 1. Calculate the remainder when l(-4) is divided by 13.
10
Suppose 3*z - 80 + 32 = -5*x, 0 = -2*x + 6. Calculate the remainder when 2922 is divided by z.
7
Let b(u) be the second derivative of -7*u**3/2 - 477*u**2/2 - 3*u - 66. Let m = 45 + -31. Calculate the remainder when b(-28) is divided by m.
13
Suppose 261118 = -110*b + 253*b. Calculate the remainder when b is divided by 449.
30
Let z = 165 - 497. Let h = z + 513. What is the remainder when h is divided by 46?
43
Let p = 14 + -8. Suppose 5*z - 301 = -3*j, -10*z = -12*z + j + 116. Suppose 2*b - z = -13. What is the remainder when b is divided by p?
5
Suppose v - 4*l = -4*v + 584, v - 2*l - 112 = 0. Suppose -s - 11*s = -v. Calculate the remainder when 507 is divided by s.
7
Calculate the remainder when 1420 is divided by 15/3 + (-5 - (1 - 30)).
28
Let g = 127 - 92. Let n = g - -211. Calculate the remainder when n is divided by 50.
46
Suppose 39*f - 6*f + 17*f - 2050 = 0. Calculate the remainder when 68 is divided by f.
27
Suppose -3*n = p - 3183, 36*p = 39*p + 3*n - 9549. Calculate the remainder when p is divided by 245.
243
Suppose -4*f + 16798 = -2*j, -4*f + 4*j - 12604 = -7*f. Calculate the remainder when (f/(-70))/((-4)/6) is divided by 7.
6
Let f(t) = -2*t - 1. Let l(s) = 28*s + 192. Let h(j) = 8*f(j) - l(j). Calculate the remainder when h(-5) is divided by 17.
3
Suppose -4*h + 0*j + 986 = 6*j, j + 767 = 3*h. Calculate the remainder when h is divided by 109.
36
Suppose 242*h + 4704 - 76820 = 0. What is the remainder when h is divided by 71?
14
Let m(s) = -3*s**3 - 8*s**2 - 73*s - 42. What is the remainder when m(-8) is divided by 35?
26
Suppose 5*j = q + 144, 0*j - 4*j + 100 = 3*q. Suppose y - 81 - 56 = 0. What is the remainder when y is divided by j?
25
Let s = 82 - 72. Calculate the remainder when ((-8)/s)/(912/460 + -2) is divided by -3*(1 - (-80)/(-12)).
12
Let o = -33 + 58. Let x(p) = 174*p + 2619. Calculate the remainder when o is divided by x(-15).
7
Let v(a) = -2*a**3 - 6*a**2 + 26*a + 19. Let q = -1217 - -1211. What is the remainder when v(q) is divided by (-49)/(-3) + (-1)/3?
15
Suppose -4*t = -2*t + 5*r - 3183, 2*t - 5*r = 3213. Suppose -t - 1110 = -43*x. What is the remainder when x is divided by 456/21 - (-4)/14?
19
Let w = -924 + 1224. What is the remainder when w is divided by 45?
30
Let i(h) = 114*h + 222. Calculate the remainder when i(4) is divided by 85.
83
Let m = -427 + 428. What is the remainder when 36 is divided by (m/(-4))/((-8)/416)?
10
Suppose 8 = -3*u - u, 5*u = -2*t + 42. Suppose 0 = 749*g + 124*g - 475785. Calculate the remainder when g is divided by t.
25
Suppose 24*a - 21*a + 48 = 0. Let l be ((9 + a)/21)/(2/(-54)). Suppose 5*o = 3*z + 72, 0 = 2*o + 4*z - l + 1. Calculate the remainder when 118 is divided by o.
10
Let p = 3141 - 2949. What is the remainder when p is divided by 13?
10
Let g be (-20)/(-30) + (-2)/3. Let t = 5 + g. Let c(z) = 8*z - 29. What is the remainder when 27 is divided by c(t)?
5
Suppose x - 7*x + 72 = 0. Suppose -3681 = -57*y + 366. Calculate the remainder when y is divided by x.
11
Suppose -2*d + 288 = 3*l, -l - 80 = -d + 69. What is the remainder when d is divided by 78?
69
Let i(m) = m**2 + 95*m - 4486. Calculate the remainder when 5695 is divided by i(35).
63
Let k(m) = -m**3 - 4*m**2 - 2*m - 1. Let t be k(-7). What is the remainder when 2 + t + -2 + 2 is divided by 309/9 - (22 - 23 - 14/(-6))?
30
Let p(g) = 1890*g + 9458. Calculate the remainder when 1239 is divided by p(-5).
7
Let p(c) = 67*c + 772. What is the remainder when p(-7) is divided by 21?
9
Suppose -2*k + 68 - 50 = -108. What is the remainder when 139 is divided by k?
13
Suppose 0 = 4*x + 2*k - 2594, 51*x = 53*x - 5*k - 1267. Calculate the remainder when x is divided by 53.
10
Let d = -54 - -60. Let c be -5*(8/(-5) - -2). Let f = c + d. What is the remainder when 7 is divided by f?
3
Let m = -14 - 58. Suppose -5*o + 25*g = 28*g - 32, 2*o = -5*g + 28. Calculate the remainder when ((-4)/(-12))/((-3)/m) is divided by o.
0
Let u = 92 - 90. Suppose -z + 9 + u = 0. What is the remainder when z is divided by 4?
3
Let l(w) = 6*w**2 + 4*w + 2. Let v be l(-2). Let q be 570/54*-4 - (-4)/v. Let k = -36 - q. What is the remainder when 9 is divided by k?
3
Suppose 8*k - 4*k - 964 = 0. Let c = k - 198. Calculate the remainder when c is divided by 3.
1
Suppose -49*g + 3*z = -44*g - 1081, 2*g - 3*z - 436 = 0. Calculate the remainder when g is divided by 62.
29
Calculate the remainder when ((-12)/(-3))/(-28) - (-103215)/147 is divided by 50.
2
Suppose 0 = 15*m + 85*m - 1500. What is the remainder when 313 is divided by m?
13
Suppose 38*r = 34*r + 52. Let h(j) = -25 - 6*j**2 + 16*j + j**3 - 8*j**2 + 1. Calculate the remainder when 74 is divided by h(r).
14
Suppose 1933*r - 11220 = 1913*r. What is the remainder when r is divided by 101?
56
Let l(c) = -2*c**3 + 8*c**2 + 38*c - 4. Calculate the remainder when 239 is divided by l(6).
79
Let q = -92 + 106. Suppose 5*p = q + 31. Suppose 4*u - 368 = 4*m, 0 = -4*u + 4*m - p*m + 413. Calculate the remainder when u is divided by 11.
9
Calculate the remainder when (((-284)/(-36))/((-19)/57))/((-2)/762) is divided by 20.
17
Let m = 3129 + -3093. What is the remainder when 301 is divided by m?
13
Let m = 14811 - 14652. Let o(q) = 9*q**2 + q + 2. What is the remainder when m is divided by o(-3)?
79
Let w(f) = 3*f + 43. Suppose 3*g + 26 = 5*o, -5*o - 76 = -3*g + 6*g. Let i be w(g). Calculate the remainder when -495*3*i/60 is divided by 40.
38
Let t = -1369 + 1666. Calculate the remainder when t is divided by ((-9)/(-3) - -7)*5.
47
Let x(i) = -6*i**2 - 20*i - 8. Let z be x(-6). Let b = 118 + z. Calculate the remainder when 1*7*(-20)/(-4) is divided by b.
7
Let n(x) = 8*x - 195. Let r = -22 + 64. Calculate the remainder when n(r) is divided by 29.
25
Let o(w) = -159*w - 78. Let m be o(-12). Suppose m = -224*i + 227*i. What is the remainder when i is divided by 68?
66
Let u(j) = -3*j**2 - 169*j - 239. What is the remainder when u(-53) is divided by 9?
3
Suppose 3*b = -696 + 768. What is the remainder when 1436 is divided by b?
20
Suppose 4*j - 4*c = 328, -3*j - 2*c - 11 = -287. Suppose -2*y + 7 + 3 = 0. What is the remainder when j is divided by y?
3
Let u = -9 - 176. Let y = -166 - u. Suppose -v = -5*v + 300. Calculate the remainder when v is divided by y.
18
Let x = 11250 + -11173. Calculate the remainder when x is divided by 44.
33
Let n be ((-15)/5)/(12/296). What is the remainder when 23